 6458 + 621. What is the thousands digit of q?
7
Suppose 10*p + 2*c - 12 = 8*p, 2*p - 4*c + 12 = 0. Suppose 4*n = -7*u + p*u + 2418, 0 = -5*n + u + 3008. What is the units digit of n?
2
Let y(r) = -r**3 + 33*r**2 - 69*r - 68. What is the thousands digit of y(22)?
3
Suppose 4*z + 24 = 3*h - 7*h, 4*h = 2*z - 36. Let m(o) be the second derivative of -5*o**3 - 23*o. What is the hundreds digit of m(h)?
2
What is the units digit of (7846/6)/((3/9)/((-93)/(-31)))?
9
Suppose -9*y = 9*y - 18. What is the tens digit of (-527*y - 3)*3/(-6)?
6
Let h(i) = 50*i**2 + 10*i - 347. What is the thousands digit of h(18)?
6
Let b(y) = 3 + y**2 - 1 + 0 + 4*y - 7. Let q be b(6). Let z = q + -5. What is the units digit of z?
0
Suppose 4*m - l = -6*l - 16, 5*l = -5*m - 15. Let n be -2 - (-8 - 0)*m/2. Suppose -453 = -4*q - b, n*q + 87 = 3*q - 5*b. What is the hundreds digit of q?
1
Let q(v) = -v**3 - 19*v**2 - 3*v + 7. Let x be q(-18). Let r = 844 + x. What is the units digit of r?
1
Let v = 401 + -395. Let w(c) = 16*c**2 - 34*c + 166. What is the hundreds digit of w(v)?
5
Let t(q) = -q**3 + 6*q**2 + 6*q - 53. Let l be t(5). Suppose l*r = 2, 2*a + 2*r - 480 - 512 = 0. What is the units digit of a?
5
Let m be (2442/(-132))/(1 + 46/(-48)). Let o = m - -634. What is the units digit of o?
0
Suppose -7 = -4*x + z, 0*z = -3*z + 15. Suppose 3*j - 6*j + 2*b = -31, 0 = -x*j + 4*b + 41. Suppose 111 = -4*c + j*c. What is the tens digit of c?
3
Suppose n - 35 = 3*d, -2*d - 13 = -n + 24. Let w(x) = 20*x - 127. What is the hundreds digit of w(n)?
6
Let i(c) = c**3 + 6*c**2 + c - 13. Let l be i(-5). Suppose -3*z + 4450 = l*z. What is the tens digit of z?
4
Let n(f) = -f**3 - 4*f**2 - 2*f + 5. Let d be n(7). Let g = -250 - d. What is the units digit of g?
8
Let q(n) = n**3 + 15*n**2 - 18*n - 32. Let u(j) = -2*j**2 - 5*j + 9. Let l be u(-5). Let m be q(l). Suppose -2*c + m + 18 = 0. What is the units digit of c?
9
Suppose -3*r - 3*t + 13 = -7*t, 0 = -4*r - 5*t + 7. Let y(m) = m - 6. Let i be y(10). Suppose 500 = r*s - h, s - h = -i*h + 160. What is the tens digit of s?
6
Suppose -91525 + 17939 = -4*n + 5418. What is the ten thousands digit of n?
1
Suppose 29*n - 17*n - 556626 = -30*n. What is the ten thousands digit of n?
1
Let f be ((6/(-3))/1)/(26/(-117)). Suppose -19062 = -f*q - 5382. What is the units digit of q?
0
Suppose -21*f = -4804 - 11702. What is the hundreds digit of f?
7
Suppose 4*y = t + 79121, 24*t - 22*t = -2*y + 39578. What is the tens digit of y?
8
Suppose -z = -4*y + 2101, -381*y + 385*y - 2096 = -4*z. What is the hundreds digit of y?
5
Suppose 5*c - 8 - 12 = 0. What is the hundreds digit of c/14 - 127525/(-175)?
7
Suppose -472*x = -483*x + 3916. Suppose 25*m + x = 26*m. What is the units digit of m?
6
Let m(i) be the third derivative of 5*i**4/3 - 373*i**3/6 - 67*i**2. What is the thousands digit of m(36)?
1
Let n(x) = x**3 + 30*x**2 + 10*x + 10152. What is the units digit of n(0)?
2
Suppose -62054 = -42*i + 208815 + 35605. What is the units digit of i?
7
Let k = -163 - -167. Suppose 2*r = -k*f + 758, 3*f - 443 = -3*r + 700. What is the hundreds digit of r?
3
What is the thousands digit of 44155/9 + 136/(-1224)?
4
Let q be 202 - ((-2 - -2) + 2). Suppose 115 = -3*k - 296. Let y = q + k. What is the units digit of y?
3
Suppose -p = -4*u - 16403, 5*p + 7*u - 82066 = 10*u. What is the units digit of p?
5
Let z = -207 + 206. What is the hundreds digit of (-6 - z)*154/(-22)*3?
1
Let r(u) = 39*u**2 + 64*u + 2030. What is the units digit of r(-33)?
9
Suppose 4*o = 12, 2*l - 5*l + 261 = 3*o. Let n = 126 - l. Suppose 3*b = 4*p - 464, -63 - n = -p - 2*b. What is the units digit of p?
3
Suppose 2*w = u + 3*w - 6, 3*w = 4*u - 38. Let t(v) = -v**2 - 6*v + 6. Let m be t(u). Let c = m - -177. What is the tens digit of c?
7
Suppose 5*u + 2*n - 125 = 3*n, 0 = 2*u + 5*n - 77. Suppose 5 = 3*k + u. Let f = 56 - k. What is the units digit of f?
3
Let m(a) be the second derivative of a**4/12 - 4*a**3/3 + 3*a**2 + 9*a. Let r be m(17). Let v = r + -89. What is the units digit of v?
0
Suppose -25*c + 110425 + 1311232 = 311607. What is the ten thousands digit of c?
4
Let k(y) = -y - 3. Let f(p) = 120*p + 44. Let n(z) = -f(z) - 5*k(z). What is the units digit of n(-3)?
6
Let k(l) = l + 9. Let q be k(-2). Suppose -q*z = -3*z - 200. Let j = z + -32. What is the units digit of j?
8
Let z(w) = -55 - 121*w - 63 + 54 - 49. What is the tens digit of z(-9)?
7
Let s = 204 + 669. Let h = -461 + s. What is the units digit of h?
2
Suppose 2024*t - 2022*t - 70 = 0. Suppose 38*y - 15 = t*y. What is the units digit of y?
5
Let k(z) = 2*z**3 + 17*z**2 + 136*z - 2385. What is the hundreds digit of k(26)?
7
Let y = -3038 + 4330. Let j = 2216 - y. What is the hundreds digit of j?
9
Let h(l) = -l**3 - 4*l**2 - 5*l - 6. Suppose -x + b - 1 = 0, -14 + 39 = -5*x - 5*b. Let c be h(x). Suppose -2*m - 11*m + 286 = c. What is the tens digit of m?
2
Let r = 132 + -128. Suppose z + c = -198 + 948, 2*c - 3010 = -r*z. What is the units digit of z?
5
Let u(s) = -s - 5 + 2 - 2 + 7. Let q be u(-15). Let f = q + 115. What is the units digit of f?
2
Suppose 3*y - 80394 = -5*l - 13027, -3*y - 18 = 0. What is the tens digit of l?
7
Let d(m) = 10*m**3 + 57*m**2 - 57*m - 1. What is the ten thousands digit of d(10)?
1
Suppose -1131 = 5*g + 884. Let y = g - -679. What is the tens digit of y?
7
Let v(m) = 13*m**3 + m - 78. What is the thousands digit of v(8)?
6
Let g be (6 - (-76)/(-14)) + 298/(-7). Let t = g - -45. Suppose 4 = -l - 3*l, 0 = -t*a + l + 226. What is the tens digit of a?
7
Let b(y) = -23*y - 26. Let p be (9/12)/(5/(-40)). Let a be b(p). Suppose 5*c + s + 45 - 578 = 0, c + 2*s - a = 0. What is the tens digit of c?
0
Suppose 4*f - 3 + 15 = 2*c, 5*f = -5*c. What is the tens digit of (-7)/7 + 5 + f + 846?
4
Suppose -11*d + 364 + 164 = 0. Suppose -4*l + 12*l + d = 0. What is the tens digit of 32/(-48) + (-490)/l?
8
Let n(x) = 1067*x - 1884. What is the hundreds digit of n(39)?
7
Let t be 2*(27/6 - 4). Suppose -3*x + t = -j, 0*j - 4*j - 2*x = -24. What is the units digit of 3*(169/3 + j)?
4
Suppose 0 = 4*i + 5*n - 52, -2*n - 58 - 7 = -5*i. Suppose -i*g - 28*g = -1066. What is the units digit of g?
6
What is the units digit of (-13028)/(-5) + (-249)/415?
5
Suppose 5*b - 3*b - 7*b = -223575. What is the hundreds digit of b?
7
Suppose 704 = 115*i - 1890884 - 1911232. What is the units digit of i?
8
Suppose -7748675 = -286*o - 189*o. What is the hundreds digit of o?
3
Let z(b) = 20*b - 2 + 4 + 0 + 2*b. What is the units digit of z(6)?
4
Let o = 106 + -52. Let a = o + 60. Suppose m - i - 42 = 0, -3*m + a = 6*i - 5*i. What is the units digit of m?
9
Suppose 46*h = -5*d + 41*h - 15, 5*d - 15 = 5*h. Suppose 3*i - 2*i + 2*w - 111 = d, -5*i - 5*w = -575. What is the hundreds digit of i?
1
Suppose 0 = -4*f - 12, -5*s + 11*f + 1214 = 8*f. Suppose 4*v - 2*u = 2*v + 234, -5*u + s = 2*v. What is the units digit of v?
8
Suppose 12*v = 5*v + 35. Let d be (1 - 1/1)/(-79 - -76). Suppose -5*o - 4*m + 1256 = d, v*o - 4*m - 1232 = -2*m. What is the tens digit of o?
4
Let m = 193 + -261. Let s = -1 - m. What is the tens digit of s?
6
Suppose 9*c + 107944 = 575980. What is the thousands digit of c?
2
Suppose 5*o = -2*z + 4, 4*z - 8 = -4*o - 0*o. Suppose 9*k + 5*k - 12026 = o. What is the units digit of k?
9
Suppose 2*w = -4*p + 34718 + 2530, 3*p = -w + 27934. What is the tens digit of p?
1
Suppose -2*m = -0*m - 6, 0 = 4*b - m - 42605. What is the tens digit of b?
5
What is the units digit of ((-830)/5)/((-3177)/(-531) - 6)?
4
Let k be (21/(-3) - 9/(-3)) + 4224. Suppose 152 = -9*z + k. What is the hundreds digit of z?
4
Let w be (-3 + (-12)/(-30))*-245. Suppose 437 + w = 3*p. What is the hundreds digit of p?
3
Suppose 106*w + 152*w - 2510480 = 1416796. What is the tens digit of w?
2
Let i = 421 - 253. Suppose k - 854 = 2*n, i = k + 2*n - 702. What is the tens digit of k/10 + (-6)/30?
8
Suppose -8 = -2*a + 3*q - q, 2*a = 5*q + 11. Suppose -118 = -a*v + 92. Let f = v + -52. What is the tens digit of f?
1
Suppose 4*n - 325 = 3*d - 8*d, 5*d = 25. Suppose 15*t - n = -0*t. Suppose -3*s + 4*s = t*j + 84, -3*s + 4*j + 285 = 0. What is the tens digit of s?
9
Let u(o) = -o + 20. Let r be u(8). Let m be (-3)/(-9)*r + 2 + 4. What is the units digit of (-1 - 6